e number?
False
Is 11229847 prime?
True
Is 67322611 composite?
True
Is 16791527 composite?
False
Is 41180515 prime?
False
Is 218444507 prime?
False
Is 602984797 a composite number?
True
Is 2464109 a composite number?
False
Is 28483337 a prime number?
False
Is 485407583 a prime number?
False
Is 411377 prime?
False
Is 133608347 composite?
False
Is 43472407 a prime number?
False
Is 117978451 prime?
True
Is 19273259 a prime number?
True
Is 14694541 a composite number?
False
Is 5045827 a composite number?
False
Is 45765857 a composite number?
True
Is 34582367 composite?
True
Is 27138151 composite?
False
Is 19141534 composite?
True
Is 22808459 prime?
True
Is 3514951 composite?
True
Is 32521531 composite?
True
Is 11963033 prime?
False
Is 1544863 a composite number?
False
Is 34161383 a prime number?
True
Is 33292243 a composite number?
True
Is 6541099 composite?
True
Is 4345567 composite?
False
Is 94684801 composite?
False
Is 302035079 a prime number?
True
Is 453289 prime?
True
Is 157254547 composite?
False
Is 74257 composite?
False
Is 5271401 a composite number?
False
Is 774833 a prime number?
True
Is 97803829 prime?
False
Is 605092123 composite?
True
Is 670645357 a prime number?
True
Is 774241783 a composite number?
True
Is 148600493 composite?
True
Is 162062015 a prime number?
False
Is 53649121 prime?
False
Is 259949 a composite number?
False
Is 39355471 prime?
True
Is 278143 prime?
True
Is 7790327 prime?
True
Is 88756735 a composite number?
True
Is 2492379379 prime?
False
Is 137303143 composite?
False
Is 202801955 a prime number?
False
Is 195763 a prime number?
False
Is 308435627 a prime number?
True
Is 288419 a composite number?
True
Is 68562097 a composite number?
True
Is 115051037 a prime number?
False
Is 52491419 prime?
False
Is 332268023 a composite number?
False
Is 152981 composite?
False
Is 14085411 prime?
False
Is 523027 prime?
False
Is 8896361 a prime number?
True
Is 1411283 prime?
True
Is 3189803 composite?
True
Is 81922567 a composite number?
True
Is 15037 prime?
False
Is 530150233 a prime number?
True
Is 493751 a prime number?
False
Is 79822261 a composite number?
False
Is 362851 a composite number?
False
Is 9822899 prime?
False
Is 601747 composite?
False
Is 299147 composite?
False
Is 1645153 a composite number?
True
Is 32011417 a prime number?
False
Is 71939293 prime?
True
Is 11502823 a prime number?
True
Is 64264495 a prime number?
False
Is 736199 a prime number?
False
Is 18482083 composite?
True
Is 1249999 a composite number?
False
Is 3141737 prime?
False
Is 3057589 prime?
False
Is 483694 composite?
True
Is 9573631 a prime number?
True
Is 8301047 a prime number?
False
Is 5813947 a composite number?
True
Is 976841 a prime number?
False
Is 3311603 a composite number?
False
Is 22648427 prime?
True
Is 18921361 composite?
True
Is 35179867 prime?
True
Is 5046653 composite?
False
Is 1193714 prime?
False
Is 54692423 a prime number?
False
Is 24365455 a composite number?
True
Is 58787747 a prime number?
False
Is 195315013 a composite number?
False
Is 1508929 prime?
True
Is 67603 a prime number?
False
Is 201467029 a prime number?
True
Is 21796073 a prime number?
False
Is 263347451 a prime number?
True
Is 667815223 composite?
False
Is 9148927 a prime number?
True
Is 428982349 a composite number?
False
Is 3334879 prime?
True
Is 1686509 composite?
True
Is 110052057 a composite number?
True
Is 5090693 a composite number?
False
Is 816446 a prime number?
False
Is 16408319 a composite number?
False
Is 620129 a prime number?
False
Is 11890513 prime?
False
Is 37917829 a composite number?
False
Is 121800221 a composite number?
False
Is 617647 a prime number?
True
Is 3664513 a prime number?
False
Is 1007297 a composite number?
False
Is 130049111 prime?
True
Is 13669567 prime?
False
Is 335406727 a prime number?
True
Is 1586436037 a prime number?
True
Is 181361 composite?
False
Is 8059973 composite?
True
Is 10008017 prime?
False
Is 19521961 composite?
False
Is 564643 composite?
False
Is 15754181 prime?
True
Is 2326007 a prime number?
True
Is 8891809 a prime number?
True
Is 5015897 a prime number?
True
Is 371526693 prime?
False
Is 2869369 a composite number?
False
Is 2968573 a composite number?
False
Is 57558601 a composite number?
True
Is 21367849 a prime number?
False
Is 57559703 a composite number?
True
Is 97382267 prime?
True
Is 148789871 a prime number?
False
Is 59650403 a composite number?
False
Is 168931769 a prime number?
True
Is 937757 composite?
True
Is 40783189 composite?
False
Is 58241801 composite?
False
Is 31708258 a prime number?
False
Is 316260619 a composite number?
True
Is 27002347 composite?
False
Is 136382501 a prime number?
True
Is 2886095 prime?
False
Is 15449723 composite?
True
Is 750326299 a composite number?
False
Is 3796369 composite?
True
Is 291388087 prime?
True
Is 2512547 composite?
True
Is 266693137 prime?
True
Is 18590207 composite?
True
Is 32064707 a prime number?
False
Is 4681537 a composite number?
True
Is 30902687 a prime number?
True
Is 8987111 prime?
False
Is 41231819 a composite number?
True
Is 53456269 a prime number?
False
Is 108358517 a prime number?
False
Is 444271 composite?
False
Is 3515689 a composite number?
False
Is 5336561 a prime number?
False
Is 307764374 a prime number?
False
Is 12887753 prime?
True
Is 22726039 prime?
False
Is 92563223 prime?
True
Is 5899877 a composite number?
False
Is 182934329 composite?
False
Is 6644177 a prime number?
True
Is 1895779 a composite number?
False
Is 365339473 composite?
False
Is 3411179 prime?
False
Is 832541 a composite number?
True
Is 30130151 prime?
True
Is 25104653 composite?
True
Is 1970557 a composite number?
True
Is 18998801 composite?
False
Is 14295607 a composite number?
False
Is 468427 composite?
True
Is 5711987 composite?
False
Is 2634461 prime?
True
Is 205462022 a composite number?
True
Is 2749883 a prime number?
True
Is 10470449 a prime number?
False
Is 782935789 prime?
True
Is 377633539 a prime number?
True
Is 285200962 a prime number?
False
Is 493693 composite?
False
Is 1304419 prime?
True
Is 7872413 a composite number?
False
Is 74861834 a prime number?
False
Is 1687171 a prime number?
True
Is 179329 composite?
True
Is 157103 prime?
True
Is 233509 composite?
False
Is 13948271 a prime number?
False
Is 11999197 composite?
True
Is 356652931 a prime number?
False
Is 86637179 a prime number?
True
Is 28929 a prime number?
False
Is 4197013 composite?
True
Is 74844617 a composite number?
True
Is 7695461 composite?
False
Is 123476869 a prime number?
True
Is 2214869 a composite number?
False
Is 8207419 composite?
True
Is 1815059 composite?
True
Is 95743 composite?
True
Is 59897863 composite?
True
Is 3480797 prime?
False
Is 14062471 a composite number?
True
Is 812989583 a prime number?
False
Is 9883973 a composite number?
True
Is 968761 a composite number?
False
Is 30409343 a composite number?
False
Is 403922191 a composite number?
False
Is 30590647 composite?
True
Is 132802169 prime?
True
Is 270451 composite?
False
Is 23229119 a composite number?
False
Is 113681717 a composite number?
True
Is 3822469 composite?
True
Is 4310114 composite?
True
Is 283925353 prime?
True
Is 2269273 composite?
False
Is 6200443 prime?
True
Is 151075499 prime?
False
Is 635597 composite?
True
Is 152017661 composite?
False
Is 167191 prime?
True
Is 24627479 a composite number?
False
Is 142861009 a composite number?
False
Is 44941889 prime?
False
Is 1212347 a prime number?
True
Is 142333213 prime?
False
Is 360923 prime?
False
Is 123642331 composite?
False
Is 7117277 a composite number?
False
Is 1847 prime?
True
Is 51894443 prime?
True
Is 8394721 a composite number?
False
Is 396791 a prime number?
False
Is 6043747 a prime number?
True
Is 26010511 composite?
False
Is 117513931 composite?
True
Is 4723499 a composite number?
True
Is 440899 prime?
False
Is 233518487 prime?
True
Is 10843993 composite?
False
Is 359603831 prime?
False
Is 245771 composite?
False
Is 20871397 a composite number?
False
Is 12927821 a composite number?
True
Is 22556731 a composite number?
False
Is 990433 composite?
True
Is 18080393 composite?
False
Is 19313471 a composite number?
True
Is 2614159 composite?
False
Is 731032691 a composite number?
True
Is 49397501 prime?
True
Is 33564589 a composite number?
True
Is 4618897 